t c be ((-8)/(-18))/(-2) + (-360)/(-162). Suppose -t = 2*i - 328, 7*t - 2*t = -c*i + 312. What is the tens digit of i?
6
Let m = -16 + 21. Suppose 59 = m*h - 56. Suppose -w + 3 + h = 0. What is the units digit of w?
6
Let w = -1990 + 4119. What is the thousands digit of w?
2
Let w be (-325)/(-3) - (-10)/(-30). Suppose 3*v + 3*k + w = 0, -2*v + 3*k = 18 + 59. Let j = v - -68. What is the tens digit of j?
3
Suppose 0 = 5*q - 4*r - 3815, 4*q = -165*r + 164*r + 3073. What is the units digit of q?
7
Let m(x) = 1866*x**3 - 2. What is the units digit of m(1)?
4
Suppose 4*o - 2533 = 135. What is the hundreds digit of o?
6
Let t be ((-4)/(-6))/(1/6). Let o be (-10)/8*(-2 + -2). Suppose 0 = 4*l + o*y, 2*l + 10 = -4*y + t. What is the units digit of l?
5
What is the units digit of (0 - -3)/(5 - (-4854)/(-972))?
6
Suppose 6*p - 5*p - 2 = 0. Let r(o) = -o - 4 - 18*o**2 + 9*o**2 + 11*o**p. What is the units digit of r(4)?
4
What is the units digit of (39904/(-12))/(-2) + (-18)/27?
2
Suppose 0 = 3*n + 22*n - 33475. What is the thousands digit of n?
1
Let j(i) = -10*i - 6. Let t = 3 + -8. What is the units digit of j(t)?
4
Let k = 1940 - -1045. What is the units digit of k?
5
Let n(g) = g**3 + 8*g**2 + g + 14. Let x be n(-8). Suppose -3*o + 4*t + 2 = 0, -4*o + x = -3*t - 6. What is the units digit of o?
6
Let q = -2 + 4. Let k(n) = n**2 + 3*n + 4. Let c be k(-3). Suppose 36 + c = q*p. What is the tens digit of p?
2
Suppose 67*n + 32*n - 35838 = 0. What is the tens digit of n?
6
Suppose a = -0*a - 23. Let l = a + 28. Suppose -4*k = -3*x - 47, -3*k - l*x = -x - 54. What is the units digit of k?
4
Let o(z) = -z**2 + 10*z + 13. Let k be o(10). Let r be 12/2 + -3 + k. Suppose -m = -5*m + r. What is the units digit of m?
4
Suppose -3*w - 3*c = -3, -2*w - 3*w = -3*c - 5. What is the tens digit of -16*21/(-6) - (w - 0)?
5
Suppose 4*v + 404 = 2*p, -3*p - 603 = -6*p + 5*v. What is the tens digit of p?
9
Let o(h) = -h**3 + 21*h**2 - 32*h + 24. What is the hundreds digit of o(12)?
9
Let z(p) = 35*p**2 - 2*p + 2. Let u be z(1). Let i = u - 16. Suppose -4*y - y = -4*r + 23, 5*y = -2*r + i. What is the units digit of r?
7
Suppose -j + 90 + 35 = 0. Suppose j + 127 = 4*c. What is the units digit of c?
3
Let g be ((-5335)/(-10))/(3/6). Suppose 13*q - 2*q - g = 0. What is the tens digit of q?
9
Suppose -50*i = -44*i - 1386. What is the tens digit of i?
3
What is the units digit of 140*(27/(-18) - -8)?
0
Let r(i) = i**3 + 6*i**2 + 3. Let x be r(-6). Suppose x*d + 35 + 13 = 0. Let o = d + 20. What is the units digit of o?
4
Suppose 4*f - 7*c = 17969 + 556, 0 = 4*f - 5*c - 18535. What is the thousands digit of f?
4
Let w = -53 - -1562. What is the tens digit of w?
0
Suppose 36*r = 34*r + 2. Let s be (92 + r)*(-6)/(-9). Suppose -f = -3*p + 200, -5*f = -2*p + 93 + s. What is the units digit of p?
5
Suppose -4*s + 1608 = 4*k - 1012, -3*k - s + 1975 = 0. What is the units digit of k?
0
Let j(m) = -17*m + 6. Let r(v) = -v**2 - 4*v - 5. Let h be r(-4). What is the units digit of j(h)?
1
Suppose -208*u = -215*u + 38339. What is the thousands digit of u?
5
Suppose -20 + 0 = -5*j + 5*k, 0 = -k - 3. Let s = 4 - j. Suppose -4*y - 4*w + 86 = -2*w, 3*w + 51 = s*y. What is the units digit of y?
0
Suppose 37 - 1 = -6*f. Let t = f - -9. What is the units digit of t?
3
Suppose 0 = -g - 2*g + 12. Let b(y) = -y + 11. What is the units digit of b(g)?
7
Suppose 3*s - 3 = 4*a, 5*s = a + 29 - 7. What is the tens digit of -7 + s + 32*1?
3
Let x = 800 + 346. What is the thousands digit of x?
1
Let z(o) = -2*o + 148. Let i be (3 + 8/(-2))*0. What is the hundreds digit of z(i)?
1
Let f(v) = -v**3 + 4*v**2 + v + 1. Let i be f(4). Suppose 89 = 4*q - 3*m, -4*q = m - i*m - 88. What is the units digit of q?
3
Suppose 45*h + 9184 = 53*h. What is the hundreds digit of h?
1
Let l(z) = 4*z + 5596. What is the units digit of l(0)?
6
Let i(p) = 123*p - 37. What is the thousands digit of i(27)?
3
Let f(q) = 26*q**2 + 73*q - 30. What is the units digit of f(-9)?
9
Suppose -2*b + 1836 = -632. What is the units digit of b?
4
Suppose 9350 + 105 = 61*t. What is the hundreds digit of t?
1
What is the units digit of 268 - (6/(-9) + 39/(-9))?
3
Let i = 9198 + -5337. What is the units digit of i?
1
Let f(q) = -q**3 + 3*q**2 + 2*q - 3. Let k be (5/3)/(1/3). Suppose 0 = 3*p - k*g + 9, 0 = -0*p - 3*p - 4*g + 18. What is the units digit of f(p)?
5
Let h = 858 - 602. What is the tens digit of h?
5
Suppose 0 = 3*r - 7*r. Suppose 0 = -r*x - 3*x + 150. What is the units digit of x?
0
Let z(g) = -4*g - 2 - 3 + 6*g + 2*g. Let n be z(-7). What is the tens digit of (-1)/2*(n - 3)?
1
Let q(x) = -2*x**2 + 2*x + 10. Let o be q(-4). Let b = o - -186. What is the hundreds digit of b?
1
Let x = -40 + -3. Let k = -63 + 45. Let u = k - x. What is the units digit of u?
5
Let s(w) = 2*w**2 - 8*w - 17. Suppose 2*c - 6*c = 24. What is the units digit of s(c)?
3
Suppose n = -5, -w + 5*w = 2*n + 62. What is the tens digit of 14 + -11 + w*2?
2
Let m = 182 + -337. Let x = -58 - m. What is the tens digit of x?
9
Let z(b) = 63*b + 10. Let n be z(-1). Let m = n - -107. What is the units digit of m?
4
Let z = -20 - -10. Let x = z + 10. Suppose x = -6*u + 203 + 91. What is the tens digit of u?
4
Let d(f) = 6*f**2 + 7*f + 23. Let j(t) = -5*t**2 - 6*t - 22. Let c(o) = -6*d(o) - 7*j(o). Let p be c(0). Let b = p + -4. What is the units digit of b?
2
Suppose k = x + 212, -644 = -2*k + 3*x - 225. What is the hundreds digit of k?
2
Let c = -2652 + 4827. What is the tens digit of c?
7
What is the units digit of (-15)/75 + (-58222)/(-10)?
2
Let t(p) = -p**3 - 3*p**2 - 4*p. Suppose 7*j = -12 - 16. What is the units digit of t(j)?
2
Suppose -3*a - 1 = -31. Let v(l) = 19*l - l**2 - l - a*l. What is the tens digit of v(4)?
1
Suppose 0 = -68*d + 58*d + 17580. What is the thousands digit of d?
1
Suppose 15*l + 24 = 17*l. Let g = 14 + l. What is the tens digit of g?
2
Let u be (-11)/(-5) - 17/85. Suppose -5*p - 305 = -3*b, -b + u*b = 5*p + 95. What is the units digit of b?
5
Suppose 4*l - 4999 = -30*q + 31*q, -l - 2*q = -1261. What is the hundreds digit of l?
2
Let q(p) = -15*p - 9. Suppose 5 = -2*w + 15. Let y(i) = 10*i + 6. Let v(z) = w*q(z) + 7*y(z). What is the tens digit of v(-4)?
1
Suppose 107*s = 110*s - 3*i - 7230, -2*s + 4799 = 5*i. What is the tens digit of s?
0
Let o be (6/9)/((-6)/(-45)). Suppose 0 = -4*v + o*u + 383, v - 5*u + 169 = 3*v. What is the units digit of v?
2
Let u be (5*1)/(9/27). Let l = u + -14. Suppose -l = -4*r + 3. What is the units digit of r?
1
Suppose -5*f + 11 = -3*j, -4*f - 22 = -2*j - 8*f. Suppose 899 = 5*s - 2*y - 430, -j*y - 1066 = -4*s. What is the units digit of s?
5
Let g = 31 + -29. Let l(o) = 29*o - 3. What is the tens digit of l(g)?
5
What is the tens digit of ((-7)/28*303)/(2/(-64))?
2
Suppose k - 789 = -2*k + 3*t, k + 2*t = 266. What is the units digit of k?
4
Let h = -8 - -6. What is the tens digit of h/(-6)*(-14 + 461)?
4
Let i = -3785 + 5615. What is the units digit of i?
0
Let m(o) = o - 14. Let i be (14/(-8))/((-1)/8). Let r be m(i). Suppose 3*z - 72 = 2*l, r*l - 15 = -5*l. What is the units digit of z?
6
Suppose -10 = -17*r + 15*r. Suppose 0*b - r*b = 0. What is the tens digit of -11*(b/3 - 1)?
1
Let p = 330 - 236. Let t = -31 + p. What is the units digit of t?
3
Suppose 0 = -5*q + h + 399, -7*h + 2*h = q - 85. Suppose v + 4*n + q = 3*v, -v = 3*n - 15. What is the units digit of v?
0
Let z(u) = -6*u**2 + 17. Let o be z(-5). Let r = 235 + o. What is the tens digit of r?
0
What is the tens digit of 0 + -1 - (4 - 6) - -64?
6
Let w(p) = -2*p**2 - 13*p - 3. Let b be w(-11). Let o = -36 - b. What is the units digit of o?
6
Let c = 876 + -374. What is the units digit of c?
2
Let f = 14 + -29. Let m = 50 + f. What is the units digit of m?
5
Suppose -5*d + 3075 = 5*x, -6*x + x = 15. What is the hundreds digit of d?
6
What is the units digit of (-2)/4 - 4220/(-8)?
7
Let s(l) = -3*l + 113. Let q = 26 - 26. What is the units digit of s(q)?
3
Let z(w) = -w**3 + 2*w**2 - 2*w + 5. Let s be z(0). Suppose s*q = 9*q - 316. What is the tens digit of q?
7
Suppose -207 = 6*u + 75. Let d = 73 + u. What is the units digit of d?
6
Let v(a) = -4*a - 37. Let b be v(-10). Suppose b*n = 182 + 193. What is the units digit of n?
5
Let d(n) = -n**3 + 